visor of 1424 and 16?
16
Calculate the greatest common divisor of 28 and 448.
28
What is the highest common divisor of 309 and 2678?
103
What is the highest common factor of 25812 and 108?
108
Calculate the highest common divisor of 2414 and 34.
34
Calculate the greatest common divisor of 2910 and 30.
30
Calculate the greatest common factor of 10488 and 72.
24
Calculate the greatest common factor of 105 and 25.
5
Calculate the greatest common factor of 144 and 1278.
18
What is the greatest common factor of 165 and 429?
33
What is the greatest common divisor of 33 and 3663?
33
Calculate the greatest common factor of 125 and 450.
25
What is the greatest common factor of 496 and 310?
62
Calculate the greatest common divisor of 2109 and 228.
57
What is the highest common divisor of 57 and 879?
3
What is the greatest common factor of 1807 and 26?
13
Calculate the greatest common factor of 11725 and 875.
175
What is the greatest common divisor of 874 and 646?
38
What is the greatest common factor of 61 and 88023?
61
What is the greatest common factor of 5 and 5?
5
What is the highest common factor of 2537 and 301?
43
What is the greatest common factor of 19 and 16663?
19
What is the greatest common divisor of 56 and 2884?
28
Calculate the highest common factor of 689 and 318.
53
What is the greatest common divisor of 948 and 1264?
316
What is the greatest common divisor of 153 and 7?
1
What is the highest common factor of 66 and 154?
22
Calculate the greatest common divisor of 1506 and 6.
6
What is the highest common factor of 15438 and 249?
249
Calculate the highest common divisor of 528 and 192.
48
Calculate the greatest common factor of 539 and 588.
49
Calculate the greatest common divisor of 20 and 7200.
20
Calculate the highest common factor of 132 and 876.
12
What is the highest common factor of 1943 and 116?
29
What is the greatest common factor of 100 and 280?
20
Calculate the highest common factor of 70 and 20.
10
Calculate the highest common divisor of 6313 and 214.
107
Calculate the highest common divisor of 100 and 400.
100
What is the highest common divisor of 176 and 55?
11
Calculate the greatest common factor of 3961 and 272.
17
Calculate the greatest common factor of 110 and 154.
22
Calculate the highest common divisor of 6591 and 39.
39
What is the highest common divisor of 1208 and 32?
8
Calculate the highest common divisor of 483 and 138.
69
Calculate the greatest common divisor of 468 and 3159.
117
Calculate the highest common divisor of 278 and 120374.
278
What is the greatest common divisor of 472 and 295?
59
Calculate the highest common factor of 2 and 69.
1
What is the greatest common factor of 120 and 14580?
60
Calculate the highest common divisor of 1175 and 329.
47
Calculate the highest common divisor of 68 and 19125.
17
What is the greatest common factor of 49 and 3136?
49
Calculate the greatest common factor of 20 and 18100.
20
Calculate the greatest common divisor of 207 and 36.
9
Calculate the greatest common divisor of 846 and 72.
18
What is the highest common factor of 52 and 169?
13
What is the greatest common factor of 682 and 93?
31
Calculate the highest common divisor of 1776 and 1665.
111
What is the highest common factor of 82 and 943?
41
Calculate the greatest common divisor of 64 and 8.
8
Calculate the highest common factor of 580 and 20.
20
What is the highest common divisor of 1728 and 2376?
216
What is the highest common divisor of 14 and 13300?
14
What is the highest common divisor of 1012 and 88?
44
What is the greatest common factor of 378 and 18?
18
What is the greatest common divisor of 320 and 7840?
160
Calculate the highest common factor of 14235 and 3.
3
What is the highest common divisor of 245 and 98?
49
What is the greatest common divisor of 111 and 13653?
111
Calculate the highest common divisor of 207 and 954.
9
What is the greatest common divisor of 315 and 180?
45
Calculate the greatest common factor of 9 and 2430.
9
Calculate the highest common divisor of 944 and 224.
16
What is the highest common divisor of 28 and 8?
4
Calculate the highest common divisor of 28 and 112.
28
What is the highest common factor of 80 and 450?
10
Calculate the highest common factor of 26 and 18798.
26
Calculate the highest common factor of 13 and 9.
1
What is the highest common factor of 7273 and 14?
7
What is the highest common factor of 144 and 18?
18
Calculate the highest common divisor of 7944 and 24.
24
What is the highest common factor of 22127 and 406?
203
Calculate the greatest common divisor of 684 and 108.
36
Calculate the highest common factor of 9656 and 17.
17
Calculate the greatest common divisor of 93 and 589.
31
Calculate the greatest common divisor of 99 and 2151.
9
Calculate the highest common divisor of 3123 and 9.
9
What is the highest common factor of 2 and 254?
2
Calculate the highest common divisor of 45 and 15.
15
Calculate the highest common factor of 78 and 26.
26
What is the highest common factor of 603 and 18?
9
Calculate the highest common factor of 952 and 308.
28
Calculate the greatest common factor of 378 and 63.
63
What is the highest common divisor of 264 and 704?
88
Calculate the highest common divisor of 215 and 129.
43
What is the highest common divisor of 1998 and 54?
54
What is the highest common divisor of 380 and 80?
20
Calculate the greatest common divisor of 102 and 1598.
34
What is the greatest common divisor of 170 and 16490?
170
Calculate the greatest common factor of 77 and 847.
77
Calculate the highest common divisor of 240 and 330.
30
Calculate the greatest common divisor of 15375 and 123.
123
Calculate the greatest common factor of 56 and 700.
28
Calculate the highest common divisor of 136 and 144.
8
Calculate the greatest common factor of 12 and 988.
4
Calculate the greatest common factor of 396 and 4048.
44
Calculate the highest common factor of 15 and 15.
15
Calculate the highest common factor of 26 and 82.
2
What is the greatest common factor of 33 and 154?
11
Calculate the greatest common divisor of 66 and 2211.
33
What is the greatest common factor of 1566 and 87?
87
Calculate the greatest common divisor of 15 and 73005.
15
What is the greatest common factor of 160 and 224?
32
What is the highest common factor of 5850 and 720?
90
What is the highest common divisor of 825 and 5115?
165
What is the greatest common divisor of 15411 and 66?
33
Calculate the highest common factor of 69 and 46529.
23
What is the greatest common factor of 4875 and 30?
15
Calculate the highest common factor of 423 and 47.
47
What is the greatest common divisor of 258 and 6?
6
Calculate the greatest common factor of 462 and 22.
22
Calculate the greatest common factor of 8610 and 28.
14
What is the highest common factor of 99 and 165?
33
Calculate the highest common factor of 20 and 32.
4
Calculate the greatest common divisor of 78 and 338.
26
What is the greatest common divisor of 57 and 9?
3
Calculate the greatest common factor of 418 and 55.
11
Calculate the greatest common factor of 74 and 30.
2
What is the highest common divisor of 1860 and 2040?
60
What is the highest common factor of 50 and 1475?
25
Calculate the greatest common factor of 24 and 14808.
24
Calculate the highest common factor of 3102 and 891.
33
What is the highest common divisor of 126 and 17808?
42
Calculate the greatest common divisor of 60 and 330.
30
What is the greatest common divisor of 1626 and 6?
6
What is the greatest common factor of 165 and 4917?
33
What is the highest common divisor of 84 and 5572?
28
Calculate the greatest common divisor of 75 and 600.
75
Calculate the greatest common divisor of 224 and 616.
56
What is the greatest common divisor of 63 and 105?
21
Calculate the greatest common factor of 114 and 54.
6
Calculate the greatest common factor of 1134 and 6678.
126
Calculate the greatest common divisor of 24 and 648.
24
What is the highest common factor of 20 and 25?
5
Calculate the highest common factor of 517 and 11.
11
Calculate the highest common factor of 3728 and 64.
16
Calculate the greatest common factor of 549 and 423.
9
Calculate the highest common divisor of 28 and 476.
28
Calculate the highest common divisor of 81 and 12.
3
Calculate the greatest common divisor of 767 and